ose -10*t + 184 + 176 = 0. Let i(l) = 6*l**2 - 9. Let d(j) be the second derivative of j**2/2 - 22*j. Let x(h) = t*d(h) + 4*i(h). Determine x(1).
24
Let h(s) be the third derivative of -s**5/60 + 5*s**4/6 + 109*s**3/6 - 12*s**2 + 25*s. Determine h(-5).
-16
Let f(t) = 21*t**2 + t**3 - 10 + 3*t**2 - 11 + 9 - 4*t**2 - 22*t. Determine f(-21).
9
Let i(b) = 2*b - 8. Let f be i(13). Suppose 2*s = -4*s + f. Let c(x) = -7 - x**s - 10 + 24 - 9 + 6*x**2 + 9*x. Calculate c(7).
12
Let p(c) = -77*c + 7668. Let b be p(100). Let d(l) = -l**2 - 32*l. Calculate d(b).
0
Let f(z) = 45*z**2 + 60*z - 489. Let b(d) = -67*d**2 - 59*d + 491. Let n(k) = -2*b(k) - 3*f(k). Determine n(7).
2
Suppose -1678*a = -1706*a. Let g(s) be the second derivative of a*s**2 - 1/2*s**3 + 0 - 5*s. Calculate g(-5).
15
Suppose y = -0 + 2. Let o(h) = -3*h**2 + h + 7*h + 4*h**y - 4. Let d(p) = p**2 + 50*p - 472. Let l be d(8). Calculate o(l).
-4
Suppose -5*y = 2*v - 367, -3*y + 9 = 2*v - 212. Suppose -y = -13*d - 8. Let s(o) = o**2 - 3*o - 2. Determine s(d).
8
Let j(k) be the third derivative of k**6/120 - k**5/20 - 23*k**4/24 + 10*k**3 + 1383*k**2. Calculate j(5).
-5
Suppose 5*a + 3*g - 145 + 50 = 0, 0 = 5*g. Suppose 27*h = a*h - 96. Let p(u) = -u + 5. Determine p(h).
17
Let d(o) = 17*o - 5*o - 25*o - o**2 - 5 + 8*o. Give d(-4).
-1
Let i(a) = -a**2 + 78*a**2 - 18*a**2 + 36*a - 18*a**2 - 2*a**2 - 48 + a**3. Calculate i(-38).
28
Let c be 3/9 - (-996)/36. Let w be 6*(2/3)/((-14)/c). Let a(o) = 3*o + 19. What is a(w)?
-5
Let t(a) = a - 3. Suppose 4*u = 5*w + 8 + 27, 0 = -2*u + w + 19. Let o be 115/u + -4 - 2/4. Give t(o).
4
Let g(f) = f**3 + 3*f**2 - 12. Suppose -29*u - 24*u = -36*u. What is g(u)?
-12
Let w(y) = y + 4. Let k(m) = 20*m - 144. Let g(a) = k(a) - 6*w(a). Determine g(12).
0
Suppose -24*w + 27*w = -9, -1962 = -3*t + 3*w. Let v = -649 + t. Let q(s) = 1 + 2 - s - 2 - 4*s**2. Calculate q(v).
-17
Let i(n) = -n + 2. Let d(m) = 1. Let h(t) = 7*d(t) - 3*i(t). Let z(q) be the first derivative of -2*q**2 - 11*q + 65. Let x be z(-1). Calculate h(x).
-20
Let j(p) = 10*p - 76. Let i be j(8). Suppose -5*d = 171*l - 175*l + 20, l - 5 = i*d. Let f(g) = g**3 - 6*g**2 + 7*g - 11. Give f(l).
-1
Let s(w) = 5*w**2 + 3*w - 1. Let i(l) = -l**3 - 16*l**2 - 10*l + 3. Let m(p) = -2*i(p) - 7*s(p). Let t(f) = 400*f - 2402. Let v be t(6). Calculate m(v).
-25
Suppose -c + 5*w = 6, -4*c + 14 = -2*w + 2. Suppose a = -2*j + 2 - 6, -4*a + 32 = -c*j. Let i(m) = -m + 2. Calculate i(j).
6
Let r(q) = 42*q**3 + 1177*q**2 + 27*q - 29. Let y be r(-28). Let a(t) = 16*t**2 - 3*t - 2. Give a(y).
17
Let a(d) = 2*d**2 + 45*d + 57. Let g be a(-21). Let x(h) = h**2 + 10*h + 10. What is x(g)?
-14
Let t = 11 - 20. Let x = -888 - -888. Let m(w) = -8 - 11*w + x + 10*w + 1. Determine m(t).
2
Suppose 12*w - 24 = 12. Let y(c) = 0*c - 6 + 7*c - 2*c**3 + c**w - 6*c**2 + 0*c. Calculate y(-7).
-6
Suppose 2*h + 9 = 5*h. Let y(m) be the first derivative of -m**4/2 + m**3 - m**2/2 + 4*m - 492. Give y(h).
-26
Let z(f) = f**3 + 4*f**2 + 7*f + 25. Let y be z(-4). Let h(i) = 2*i**3 + 6*i**2 - 2*i - 3. What is h(y)?
3
Let w(n) = -n**3 - 9*n**2 - 5*n - 5. Let o = 13572 - 13578. What is w(o)?
-83
Let h(c) be the second derivative of 3*c - 5/2*c**2 + 3 - 11/2*c**3. Let v(g) = 32*g + 4. Let z(o) = -5*h(o) - 6*v(o). Give z(-1).
28
Let m(p) = p**3 - 12*p**2 + 5*p + 4. Let z(d) = -953*d + 2864. Let j be z(3). Give m(j).
-146
Let c(i) = -8*i - 98. Let z = -2156 - -2145. What is c(z)?
-10
Let d(w) = -2*w**2 + w - 13. Suppose -74*z + 73*z - 24 = -5*b, 4*z + 6 = 5*b. Give d(b).
-79
Let r be (52/(-20))/(2/(-10)). Let z(h) be the first derivative of -h**2/2 + 21*h - 716. Calculate z(r).
8
Let t(m) = m + 10. Suppose -3*h - b = -8, 3*b = -2*h + 3*h + 4. Let u be t(h). Let g(n) = -u*n - 1 + 13*n - 2 + 1. Calculate g(5).
3
Suppose 0 = -7*w + 18*w - 22. Let u(o) = -12*o**w + 6*o**2 - 8*o + 6 + 6*o**2 - o**2. Give u(-8).
6
Suppose -n = -13 + 16 + 15. Let z(b) = b**3 + 16*b**2 - 37*b - 18. Calculate z(n).
0
Let n be -2 - 1*0*(3 - 4). Let d be n/(3 - 22/8). Let p(a) = a**2 + 6*a - 9. Give p(d).
7
Let m(i) = -7*i**2 - 3*i. Suppose 4*w + 7*x = 2*x + 68, 4*w - 28 = 5*x. Let v = w + -12. Suppose -j + 18 = -5*p, -4*p - 20 = 2*j - v*p. Determine m(j).
-22
Let h(z) = -6*z - 5. Let r(y) = -5*y + 4. Let p(a) = 3*h(a) - 5*r(a). Give p(3).
-14
Let p(i) = -2*i**3 + i**2 - 3*i + 12. Let d be 10/(-3) + (-12331)/(-1947). Calculate p(d).
-42
Let m(c) = c**2 - 47*c - 105. Let p be m(49). Let q(s) = -s**2 - 13*s - 45. Give q(p).
-3
Suppose 409*l = 399*l - 20. Let c(a) = 13*a + 23. Calculate c(l).
-3
Let c(h) = -2*h**2 - h + 5*h**3 - 8*h**3 + 4 + 6*h**3 - 4. Let m = -182 + 180. Calculate c(m).
-30
Let r(d) = -2*d**2 + 2*d - 1. Let p(h) = 9*h**2 - 7*h + 31. Let i(g) = -p(g) - 6*r(g). What is i(4)?
3
Let c(v) be the third derivative of -1/4*v**4 + 0*v - 11/6*v**3 - v**2 - 1/60*v**5 + 16. Calculate c(-5).
-6
Let z(t) = 86 - t - 17 - 13 - 14 - 27. Determine z(-5).
20
Let r(t) = -4*t - 2*t + t - 3 + 0. Let g = -898 - -895. Determine r(g).
12
Let c(n) = -n**3 - 7*n**2 - 7*n - 5. Let q(x) = -91*x**3 - x**2 + 1. Let a be q(-1). Let z be 160/(-28) - 26/a. What is c(z)?
1
Suppose -5*a - m = -39, -3*a + m = -0*m - 17. Suppose -a*k + 169 = 6*k. Let h(f) = -f**3 + 12*f**2 + 14*f - 4. Calculate h(k).
9
Let o(g) be the first derivative of g**4/4 - 4*g**3/3 + g**2/2 - 1. Let h = 8981 + -8978. Calculate o(h).
-6
Let y be 62/(-8) - (-9)/(-36). Let t be (1180/(-25))/(y/20). Let g = t + -115. Let r(v) = -v + 3. What is r(g)?
0
Let z(l) = 406*l**2 + 401*l**2 - 805*l**2 + 38*l + 4. What is z(-19)?
4
Let n(y) = -2*y**2 + 5*y - 8. Let r(m) = 3*m**2 - 7*m + 11. Let t(j) = 7*n(j) + 5*r(j). Give t(0).
-1
Let z = 3793 + -3790. Let q(f) be the second derivative of f**4/12 - f**3/3 - 2*f**2 + 2*f. Give q(z).
-1
Let x(r) = -r + 13 + r + 43 - 4*r - 46. Calculate x(-8).
42
Let a(o) = -o**3 + 9*o**2 - 26*o + 32. Let p be a(5). Let l(n) = 24*n - 52. Calculate l(p).
-4
Let p(x) = 2*x**2 + 12*x + 3 - 5 + 1. Let k(s) = s**2 + 6*s. Let l(c) = -5*k(c) + 2*p(c). Let b(u) = -221*u + 216. Let m be b(1). Determine l(m).
3
Let y(a) = -a**3 - 12*a**2 - 11*a - 17. Let p(n) = -62*n + 919. Let g be p(15). Determine y(g).
-17
Suppose -4*d = 2*g - 9 - 39, 38 = 3*d + 2*g. Let p(w) = 5 - 6*w + d + 3 - 11. Determine p(2).
-5
Let p(h) = -9*h + 6 + 0*h**2 + 7*h**2 - 17 - 12*h**3 + 22*h. Let d(t) = -7*t**3 + 4*t**2 + 7*t - 6. Let l(z) = 5*d(z) - 3*p(z). Calculate l(2).
-1
Let x = -525 + 593. Suppose -13*g = x - 3. Let c(b) = b. Determine c(g).
-5
Let k(v) = -v - 1. Let u(d) = d**2 + 11*d - 5. Let s(w) = -2*k(w) - u(w). Let a = -86 - -76. Give s(a).
-3
Let i(a) = 82*a - 7460. Let j be i(91). Let m(q) = -19*q**2 + 6*q - 7. Let c(o) = 10*o**2 - 3*o + 4. Let x(k) = 5*c(k) + 3*m(k). Calculate x(j).
-23
Let j(q) be the second derivative of 0 + 1/6*q**3 + 1/2*q**2 - 111*q. Calculate j(-2).
-1
Suppose 60*d = 41*d + 38. Let u(p) be the second derivative of d*p + 4/3*p**3 + 0 + 3/2*p**2. What is u(-2)?
-13
Suppose -411 = -3*y + 3*x - 6, y = -3*x + 155. Let r(q) = -5 + 141*q + 2 - y*q. Give r(-4).
-7
Let x be (0 - 8)*6/(-16)*2. Let m be x/24 - 14/(-8). Let j(i) = i**m + 4*i**3 - 3*i**3 + i**2 + 3*i + 3*i**2 - 1. Give j(-3).
8
Let s(m) = -8*m + 1. Let k be (-9)/36 - (-150)/(-8). Let c(v) = -v**2 - 19*v - 2. Let o be c(k). Let x be (o/(-4))/((-1)/4). Calculate s(x).
17
Let o(m) be the first derivative of -3*m**2/2 - m + 2946. Calculate o(-5).
14
Let x(l) = 2*l**3 - 5*l**2 - 14*l - 2. Let b = 22319 - 22321. What is x(b)?
-10
Let g(x) = 907*x - 897*x + 54 - 184. Determine g(14).
10
Let p(v) = 6*v**2 + 20*v + 78. Let o(h) = -11*h**2 - 38*h - 140. Let b(t) = 5*o(t) + 9*p(t). Suppose -5*z - 69 = -19. What is b(z)?
2
Let w be 4/3*((-7)/2)/((-91)/273). Let b(j) = j**2 - 7*j - 91. Give b(w).
7
Let l(m) be the first derivative of -3*m**2 - 53*m + 510. Calculate l(-8).
-5
Let c(f) = -f**3 + 4*f**2 + f + 7. Let w(a) = a**3 - 22*a**2 - 29*a + 106. Let v be w(24). Let o = v - 557. What is c(o)?
-13
Let u = -42 - -44. Let w(b) = 5 - 2*b**3 - 3*b**2 - 5*b + 2*b**u + b**3. Let s(i) = i**3 + 2*i**2 + 4*i - 4. Let d(v) = 5*s(v) + 4*w(v). What is d(-6)?
0
Let q(u) = -7*u + 166. Let b be 516/20 + (-8)/10. Let t be q(b). Let f(j) = -j**2 + 11*j + 2*j**2 - 8 + 7. Determin